{"id":26,"date":"2020-08-10T15:27:14","date_gmt":"2020-08-10T13:27:14","guid":{"rendered":"http:\/\/podologue-pichard-helie.com\/?page_id=26"},"modified":"2020-11-07T13:45:32","modified_gmt":"2020-11-07T12:45:32","slug":"soins-techniques","status":"publish","type":"page","link":"http:\/\/podologue-pichard-helie.com\/?page_id=26","title":{"rendered":"Soins techniques"},"content":{"rendered":"\t\t<div data-elementor-type=\"wp-page\" data-elementor-id=\"26\" class=\"elementor elementor-26\" data-elementor-post-type=\"page\">\n\t\t\t\t\t\t<section class=\"elementor-section elementor-top-section elementor-element elementor-element-f6feb31 elementor-section-boxed elementor-section-height-default elementor-section-height-default\" data-id=\"f6feb31\" data-element_type=\"section\">\n\t\t\t\t\t\t<div class=\"elementor-container elementor-column-gap-default\">\n\t\t\t\t\t<div class=\"elementor-column elementor-col-100 elementor-top-column elementor-element elementor-element-4634b34\" data-id=\"4634b34\" data-element_type=\"column\">\n\t\t\t<div class=\"elementor-widget-wrap elementor-element-populated\">\n\t\t\t\t\t\t<div class=\"elementor-element elementor-element-8bb19c8 elementor-widget elementor-widget-heading\" data-id=\"8bb19c8\" data-element_type=\"widget\" data-widget_type=\"heading.default\">\n\t\t\t\t<div class=\"elementor-widget-container\">\n\t\t\t<h2 class=\"elementor-heading-title elementor-size-default\">SOINS TECHNIQUES<\/h2>\t\t<\/div>\n\t\t\t\t<\/div>\n\t\t\t\t\t<\/div>\n\t\t<\/div>\n\t\t\t\t\t<\/div>\n\t\t<\/section>\n\t\t\t\t<section class=\"elementor-section elementor-top-section elementor-element elementor-element-3a962bc elementor-section-boxed elementor-section-height-default elementor-section-height-default\" data-id=\"3a962bc\" data-element_type=\"section\">\n\t\t\t\t\t\t<div class=\"elementor-container elementor-column-gap-default\">\n\t\t\t\t\t<div class=\"elementor-column elementor-col-100 elementor-top-column elementor-element elementor-element-0a3ec82\" data-id=\"0a3ec82\" data-element_type=\"column\">\n\t\t\t<div class=\"elementor-widget-wrap elementor-element-populated\">\n\t\t\t\t\t\t<div class=\"elementor-element elementor-element-c7f5080 elementor-widget-divider--view-line elementor-widget elementor-widget-divider\" data-id=\"c7f5080\" data-element_type=\"widget\" data-widget_type=\"divider.default\">\n\t\t\t\t<div class=\"elementor-widget-container\">\n\t\t\t\t\t<div class=\"elementor-divider\">\n\t\t\t<span class=\"elementor-divider-separator\">\n\t\t\t\t\t\t<\/span>\n\t\t<\/div>\n\t\t\t\t<\/div>\n\t\t\t\t<\/div>\n\t\t\t\t\t<\/div>\n\t\t<\/div>\n\t\t\t\t\t<\/div>\n\t\t<\/section>\n\t\t\t\t<section class=\"elementor-section elementor-top-section elementor-element elementor-element-f4ffae2 elementor-section-boxed elementor-section-height-default elementor-section-height-default\" data-id=\"f4ffae2\" data-element_type=\"section\">\n\t\t\t\t\t\t<div class=\"elementor-container elementor-column-gap-default\">\n\t\t\t\t\t<div class=\"elementor-column elementor-col-33 elementor-top-column elementor-element elementor-element-9ca4561\" data-id=\"9ca4561\" data-element_type=\"column\">\n\t\t\t<div class=\"elementor-widget-wrap elementor-element-populated\">\n\t\t\t\t\t\t<div class=\"elementor-element elementor-element-9d5c509 animated-slow elementor-invisible elementor-widget elementor-widget-image\" data-id=\"9d5c509\" data-element_type=\"widget\" data-settings=\"{&quot;_animation&quot;:&quot;fadeInLeft&quot;}\" data-widget_type=\"image.default\">\n\t\t\t\t<div class=\"elementor-widget-container\">\n\t\t\t\t\t\t\t\t\t\t\t\t\t<img fetchpriority=\"high\" decoding=\"async\" width=\"1024\" height=\"683\" src=\"http:\/\/podologue-pichard-helie.com\/wp-content\/uploads\/2020\/09\/AdobeStock_96795103-1024x683.jpeg\" class=\"attachment-large size-large wp-image-108\" alt=\"\" srcset=\"http:\/\/podologue-pichard-helie.com\/wp-content\/uploads\/2020\/09\/AdobeStock_96795103-1024x683.jpeg 1024w, http:\/\/podologue-pichard-helie.com\/wp-content\/uploads\/2020\/09\/AdobeStock_96795103-300x200.jpeg 300w, http:\/\/podologue-pichard-helie.com\/wp-content\/uploads\/2020\/09\/AdobeStock_96795103-768x512.jpeg 768w, http:\/\/podologue-pichard-helie.com\/wp-content\/uploads\/2020\/09\/AdobeStock_96795103-1536x1024.jpeg 1536w, http:\/\/podologue-pichard-helie.com\/wp-content\/uploads\/2020\/09\/AdobeStock_96795103-2048x1365.jpeg 2048w\" sizes=\"(max-width: 1024px) 100vw, 1024px\" \/>\t\t\t\t\t\t\t\t\t\t\t\t\t<\/div>\n\t\t\t\t<\/div>\n\t\t\t\t<div class=\"elementor-element elementor-element-9e58377 elementor-widget elementor-widget-text-editor\" data-id=\"9e58377\" data-element_type=\"widget\" data-widget_type=\"text-editor.default\">\n\t\t\t\t<div class=\"elementor-widget-container\">\n\t\t\t\t\t\t\t<p>ORTHONYXIE<\/p>\t\t\t\t\t\t<\/div>\n\t\t\t\t<\/div>\n\t\t\t\t<div class=\"elementor-element elementor-element-35fdf3d elementor-widget elementor-widget-text-editor\" data-id=\"35fdf3d\" data-element_type=\"widget\" data-widget_type=\"text-editor.default\">\n\t\t\t\t<div class=\"elementor-widget-container\">\n\t\t\t\t\t\t\t<p>Qu&rsquo;est-ce que l&rsquo;orthonyxie ?<\/p><p>L&rsquo;orthonyxie est une orth\u00e8se de l&rsquo;ongle qui a pour objectif de traiter et corriger une pousse ou une courbure anormale de l&rsquo;ongle. Cette technique consiste \u00e0 venir exercer une pression inverse \u00e0 la forme de courbure prise par l&rsquo;ongle, et ainsi le contraindre \u00e0 retrouver une position normale.<\/p>\t\t\t\t\t\t<\/div>\n\t\t\t\t<\/div>\n\t\t\t\t<div class=\"elementor-element elementor-element-deae548 elementor-widget-divider--view-line elementor-widget elementor-widget-divider\" data-id=\"deae548\" data-element_type=\"widget\" data-widget_type=\"divider.default\">\n\t\t\t\t<div class=\"elementor-widget-container\">\n\t\t\t\t\t<div class=\"elementor-divider\">\n\t\t\t<span class=\"elementor-divider-separator\">\n\t\t\t\t\t\t<\/span>\n\t\t<\/div>\n\t\t\t\t<\/div>\n\t\t\t\t<\/div>\n\t\t\t\t\t<\/div>\n\t\t<\/div>\n\t\t\t\t<div class=\"elementor-column elementor-col-33 elementor-top-column elementor-element elementor-element-ffa7700\" data-id=\"ffa7700\" data-element_type=\"column\">\n\t\t\t<div class=\"elementor-widget-wrap elementor-element-populated\">\n\t\t\t\t\t\t<div class=\"elementor-element elementor-element-ffe5acb animated-slow elementor-invisible elementor-widget elementor-widget-image\" data-id=\"ffe5acb\" data-element_type=\"widget\" data-settings=\"{&quot;_animation&quot;:&quot;fadeInUp&quot;}\" data-widget_type=\"image.default\">\n\t\t\t\t<div class=\"elementor-widget-container\">\n\t\t\t\t\t\t\t\t\t\t\t\t\t<img decoding=\"async\" width=\"1024\" height=\"683\" src=\"http:\/\/podologue-pichard-helie.com\/wp-content\/uploads\/2020\/11\/AdobeStock_212187799-1024x683.jpeg\" class=\"attachment-large size-large wp-image-169\" alt=\"\" srcset=\"http:\/\/podologue-pichard-helie.com\/wp-content\/uploads\/2020\/11\/AdobeStock_212187799-1024x683.jpeg 1024w, http:\/\/podologue-pichard-helie.com\/wp-content\/uploads\/2020\/11\/AdobeStock_212187799-300x200.jpeg 300w, http:\/\/podologue-pichard-helie.com\/wp-content\/uploads\/2020\/11\/AdobeStock_212187799-768x512.jpeg 768w, http:\/\/podologue-pichard-helie.com\/wp-content\/uploads\/2020\/11\/AdobeStock_212187799-1536x1024.jpeg 1536w, http:\/\/podologue-pichard-helie.com\/wp-content\/uploads\/2020\/11\/AdobeStock_212187799-2048x1366.jpeg 2048w\" sizes=\"(max-width: 1024px) 100vw, 1024px\" \/>\t\t\t\t\t\t\t\t\t\t\t\t\t<\/div>\n\t\t\t\t<\/div>\n\t\t\t\t<div class=\"elementor-element elementor-element-2899452 elementor-widget elementor-widget-text-editor\" data-id=\"2899452\" data-element_type=\"widget\" data-widget_type=\"text-editor.default\">\n\t\t\t\t<div class=\"elementor-widget-container\">\n\t\t\t\t\t\t\t<p>ONYCHOPLASTIE<\/p>\t\t\t\t\t\t<\/div>\n\t\t\t\t<\/div>\n\t\t\t\t<div class=\"elementor-element elementor-element-e18c238 elementor-widget elementor-widget-text-editor\" data-id=\"e18c238\" data-element_type=\"widget\" data-widget_type=\"text-editor.default\">\n\t\t\t\t<div class=\"elementor-widget-container\">\n\t\t\t\t\t\t\t<p>Qu&rsquo;est-ce que l&rsquo;onychoplastie ?<\/p><p>L&rsquo;onychoplastie est une technique qui permet de remplacer enti\u00e8rement ou en partie l&rsquo;ongle gr\u00e2ce \u00e0 une proth\u00e8se lorsque celui-ci est ab\u00eem\u00e9, fragilis\u00e9 ou manquant.<\/p><p>Cette technique est utilis\u00e9e lorsque les ongles sont fragilis\u00e9s, un ou plusieurs ongles sont tomb\u00e9s, des h\u00e9matomes sous l&rsquo;ongle ont \u00e9t\u00e9 trait\u00e9s, ou encore lorsque les ongles sont sujets \u00e0 des d\u00e9formations.<\/p><p>Une fois pos\u00e9e, elle est \u00e0 peine visible car elle est de la m\u00eame couleur qu&rsquo;un ongle normal.<\/p>\t\t\t\t\t\t<\/div>\n\t\t\t\t<\/div>\n\t\t\t\t<div class=\"elementor-element elementor-element-0164bf8 elementor-widget elementor-widget-text-editor\" data-id=\"0164bf8\" data-element_type=\"widget\" data-widget_type=\"text-editor.default\">\n\t\t\t\t<div class=\"elementor-widget-container\">\n\t\t\t\t\t\t\t<p><em>Texte pris sur le site \u00a9www.ongles.ooreka.fr<\/em><\/p>\t\t\t\t\t\t<\/div>\n\t\t\t\t<\/div>\n\t\t\t\t<div class=\"elementor-element elementor-element-5150a05 elementor-widget-divider--view-line elementor-widget elementor-widget-divider\" data-id=\"5150a05\" data-element_type=\"widget\" data-widget_type=\"divider.default\">\n\t\t\t\t<div class=\"elementor-widget-container\">\n\t\t\t\t\t<div class=\"elementor-divider\">\n\t\t\t<span class=\"elementor-divider-separator\">\n\t\t\t\t\t\t<\/span>\n\t\t<\/div>\n\t\t\t\t<\/div>\n\t\t\t\t<\/div>\n\t\t\t\t\t<\/div>\n\t\t<\/div>\n\t\t\t\t<div class=\"elementor-column elementor-col-33 elementor-top-column elementor-element elementor-element-d3814be\" data-id=\"d3814be\" data-element_type=\"column\">\n\t\t\t<div class=\"elementor-widget-wrap elementor-element-populated\">\n\t\t\t\t\t\t<div class=\"elementor-element elementor-element-1409f04 animated-slow elementor-invisible elementor-widget elementor-widget-image\" data-id=\"1409f04\" data-element_type=\"widget\" data-settings=\"{&quot;_animation&quot;:&quot;fadeInRight&quot;}\" data-widget_type=\"image.default\">\n\t\t\t\t<div class=\"elementor-widget-container\">\n\t\t\t\t\t\t\t\t\t\t\t\t\t<img decoding=\"async\" width=\"1024\" height=\"683\" src=\"http:\/\/podologue-pichard-helie.com\/wp-content\/uploads\/2020\/09\/AdobeStock_360009112-1024x683.jpeg\" class=\"attachment-large size-large wp-image-110\" alt=\"\" srcset=\"http:\/\/podologue-pichard-helie.com\/wp-content\/uploads\/2020\/09\/AdobeStock_360009112-1024x683.jpeg 1024w, http:\/\/podologue-pichard-helie.com\/wp-content\/uploads\/2020\/09\/AdobeStock_360009112-300x200.jpeg 300w, http:\/\/podologue-pichard-helie.com\/wp-content\/uploads\/2020\/09\/AdobeStock_360009112-768x512.jpeg 768w, http:\/\/podologue-pichard-helie.com\/wp-content\/uploads\/2020\/09\/AdobeStock_360009112-1536x1024.jpeg 1536w, http:\/\/podologue-pichard-helie.com\/wp-content\/uploads\/2020\/09\/AdobeStock_360009112-2048x1365.jpeg 2048w\" sizes=\"(max-width: 1024px) 100vw, 1024px\" \/>\t\t\t\t\t\t\t\t\t\t\t\t\t<\/div>\n\t\t\t\t<\/div>\n\t\t\t\t<div class=\"elementor-element elementor-element-f241ced elementor-widget elementor-widget-text-editor\" data-id=\"f241ced\" data-element_type=\"widget\" data-widget_type=\"text-editor.default\">\n\t\t\t\t<div class=\"elementor-widget-container\">\n\t\t\t\t\t\t\t<p>ORTHOPLASTIE<\/p>\t\t\t\t\t\t<\/div>\n\t\t\t\t<\/div>\n\t\t\t\t<div class=\"elementor-element elementor-element-855d406 elementor-widget elementor-widget-text-editor\" data-id=\"855d406\" data-element_type=\"widget\" data-widget_type=\"text-editor.default\">\n\t\t\t\t<div class=\"elementor-widget-container\">\n\t\t\t\t\t\t\t<p>Qu&rsquo;est-ce que l&rsquo;orthoplastie ?<\/p><p>L&rsquo;orthoplastie consiste \u00e0 prot\u00e9ger les orteils \u00e0 l&rsquo;aide d&rsquo;une orth\u00e8se. \u00a0Cela va permettre de traiter et pr\u00e9venir les anomalies li\u00e9es \u00e0 la morphologie. Votre orth\u00e8se sera amovible, confortable, fabriqu\u00e9e sur-mesure selon votre orteil, son anomalie et votre chaussure.<\/p>\t\t\t\t\t\t<\/div>\n\t\t\t\t<\/div>\n\t\t\t\t<div class=\"elementor-element elementor-element-f137405 elementor-widget-divider--view-line elementor-widget elementor-widget-divider\" data-id=\"f137405\" data-element_type=\"widget\" data-widget_type=\"divider.default\">\n\t\t\t\t<div class=\"elementor-widget-container\">\n\t\t\t\t\t<div class=\"elementor-divider\">\n\t\t\t<span class=\"elementor-divider-separator\">\n\t\t\t\t\t\t<\/span>\n\t\t<\/div>\n\t\t\t\t<\/div>\n\t\t\t\t<\/div>\n\t\t\t\t\t<\/div>\n\t\t<\/div>\n\t\t\t\t\t<\/div>\n\t\t<\/section>\n\t\t\t\t<section class=\"elementor-section elementor-top-section elementor-element elementor-element-a393214 elementor-section-boxed elementor-section-height-default elementor-section-height-default\" data-id=\"a393214\" data-element_type=\"section\">\n\t\t\t\t\t\t<div class=\"elementor-container elementor-column-gap-default\">\n\t\t\t\t\t<div class=\"elementor-column elementor-col-100 elementor-top-column elementor-element elementor-element-39486bd\" data-id=\"39486bd\" data-element_type=\"column\">\n\t\t\t<div class=\"elementor-widget-wrap elementor-element-populated\">\n\t\t\t\t\t\t<div class=\"elementor-element elementor-element-c1cb7aa elementor-widget elementor-widget-text-editor\" data-id=\"c1cb7aa\" data-element_type=\"widget\" data-widget_type=\"text-editor.default\">\n\t\t\t\t<div class=\"elementor-widget-container\">\n\t\t\t\t\t\t\t<p><em>Vous ressentez une g\u00eane ou une douleur \u00e0 la marche ? Vous avez mal aux pieds ? Mal au dos ? Vous constatez l&rsquo;apparition d&rsquo;une mycose, d&rsquo;une verrue plantaire, de cors, de durillons, ou vous souffrez de probl\u00e8mes li\u00e9s \u00e0 un ou plusieurs de vos ongles ?<\/em><\/p><p><em>Prenez d\u00e8s maintenant rendez-vous avec votre Podologue dans la rubrique \u00ab\u00a0PRENDRE RENDEZ-VOUS !\u00a0\u00bb.<\/em><\/p>\t\t\t\t\t\t<\/div>\n\t\t\t\t<\/div>\n\t\t\t\t\t<\/div>\n\t\t<\/div>\n\t\t\t\t\t<\/div>\n\t\t<\/section>\n\t\t\t\t<\/div>\n\t\t","protected":false},"excerpt":{"rendered":"<p>SOINS TECHNIQUES ORTHONYXIE Qu&rsquo;est-ce que l&rsquo;orthonyxie ? L&rsquo;orthonyxie est une orth\u00e8se de l&rsquo;ongle qui a pour objectif de traiter et corriger une pousse ou une courbure anormale de l&rsquo;ongle. Cette technique consiste \u00e0 venir exercer une pression inverse \u00e0 la forme de courbure prise par l&rsquo;ongle, et ainsi le contraindre \u00e0 retrouver une position normale. &hellip;<\/p>\n<p class=\"read-more\"> <a class=\"\" href=\"http:\/\/podologue-pichard-helie.com\/?page_id=26\"> <span class=\"screen-reader-text\">Soins techniques<\/span> Lire la suite\u00a0\u00bb<\/a><\/p>\n","protected":false},"author":1,"featured_media":0,"parent":0,"menu_order":0,"comment_status":"closed","ping_status":"closed","template":"","meta":{"_monsterinsights_skip_tracking":false,"_monsterinsights_sitenote_active":false,"_monsterinsights_sitenote_note":"","_monsterinsights_sitenote_category":0,"footnotes":""},"yoast_head":"<!-- This site is optimized with the Yoast SEO plugin v15.3 - https:\/\/yoast.com\/wordpress\/plugins\/seo\/ -->\n<title>Soins techniques - Dominique PICHARD-H\u00c9LIE<\/title>\n<meta name=\"robots\" content=\"index, follow, max-snippet:-1, max-image-preview:large, max-video-preview:-1\" \/>\n<link rel=\"canonical\" href=\"http:\/\/podologue-pichard-helie.com\/?page_id=26\" \/>\n<meta property=\"og:locale\" content=\"fr_FR\" \/>\n<meta property=\"og:type\" content=\"article\" \/>\n<meta property=\"og:title\" content=\"Soins techniques - Dominique PICHARD-H\u00c9LIE\" \/>\n<meta property=\"og:description\" content=\"SOINS TECHNIQUES ORTHONYXIE Qu&rsquo;est-ce que l&rsquo;orthonyxie ? L&rsquo;orthonyxie est une orth\u00e8se de l&rsquo;ongle qui a pour objectif de traiter et corriger une pousse ou une courbure anormale de l&rsquo;ongle. Cette technique consiste \u00e0 venir exercer une pression inverse \u00e0 la forme de courbure prise par l&rsquo;ongle, et ainsi le contraindre \u00e0 retrouver une position normale. &hellip; Soins techniques Lire la suite\u00a0\u00bb\" \/>\n<meta property=\"og:url\" content=\"http:\/\/podologue-pichard-helie.com\/?page_id=26\" \/>\n<meta property=\"og:site_name\" content=\"Dominique PICHARD-H\u00c9LIE\" \/>\n<meta property=\"article:modified_time\" content=\"2020-11-07T12:45:32+00:00\" \/>\n<meta property=\"og:image\" content=\"http:\/\/podologue-pichard-helie.com\/wp-content\/uploads\/2020\/09\/AdobeStock_96795103-1024x683.jpeg\" \/>\n<meta name=\"twitter:card\" content=\"summary_large_image\" \/>\n<meta name=\"twitter:label1\" content=\"\u00c9crit par\">\n\t<meta name=\"twitter:data1\" content=\"EP Graphisme\">\n\t<meta name=\"twitter:label2\" content=\"Dur\u00e9e de lecture est.\">\n\t<meta name=\"twitter:data2\" content=\"1 minute\">\n<script type=\"application\/ld+json\" class=\"yoast-schema-graph\">{\"@context\":\"https:\/\/schema.org\",\"@graph\":[{\"@type\":\"WebSite\",\"@id\":\"http:\/\/podologue-pichard-helie.com\/#website\",\"url\":\"http:\/\/podologue-pichard-helie.com\/\",\"name\":\"Dominique PICHARD-H\\u00c9LIE\",\"description\":\"Podologue\",\"potentialAction\":[{\"@type\":\"SearchAction\",\"target\":\"http:\/\/podologue-pichard-helie.com\/?s={search_term_string}\",\"query-input\":\"required name=search_term_string\"}],\"inLanguage\":\"fr-FR\"},{\"@type\":\"ImageObject\",\"@id\":\"http:\/\/podologue-pichard-helie.com\/?page_id=26#primaryimage\",\"inLanguage\":\"fr-FR\",\"url\":\"http:\/\/podologue-pichard-helie.com\/wp-content\/uploads\/2020\/09\/AdobeStock_96795103-1024x683.jpeg\"},{\"@type\":\"WebPage\",\"@id\":\"http:\/\/podologue-pichard-helie.com\/?page_id=26#webpage\",\"url\":\"http:\/\/podologue-pichard-helie.com\/?page_id=26\",\"name\":\"Soins techniques - Dominique PICHARD-H\\u00c9LIE\",\"isPartOf\":{\"@id\":\"http:\/\/podologue-pichard-helie.com\/#website\"},\"primaryImageOfPage\":{\"@id\":\"http:\/\/podologue-pichard-helie.com\/?page_id=26#primaryimage\"},\"datePublished\":\"2020-08-10T13:27:14+00:00\",\"dateModified\":\"2020-11-07T12:45:32+00:00\",\"inLanguage\":\"fr-FR\",\"potentialAction\":[{\"@type\":\"ReadAction\",\"target\":[\"http:\/\/podologue-pichard-helie.com\/?page_id=26\"]}]}]}<\/script>\n<!-- \/ Yoast SEO plugin. -->","_links":{"self":[{"href":"http:\/\/podologue-pichard-helie.com\/index.php?rest_route=\/wp\/v2\/pages\/26"}],"collection":[{"href":"http:\/\/podologue-pichard-helie.com\/index.php?rest_route=\/wp\/v2\/pages"}],"about":[{"href":"http:\/\/podologue-pichard-helie.com\/index.php?rest_route=\/wp\/v2\/types\/page"}],"author":[{"embeddable":true,"href":"http:\/\/podologue-pichard-helie.com\/index.php?rest_route=\/wp\/v2\/users\/1"}],"replies":[{"embeddable":true,"href":"http:\/\/podologue-pichard-helie.com\/index.php?rest_route=%2Fwp%2Fv2%2Fcomments&post=26"}],"version-history":[{"count":9,"href":"http:\/\/podologue-pichard-helie.com\/index.php?rest_route=\/wp\/v2\/pages\/26\/revisions"}],"predecessor-version":[{"id":184,"href":"http:\/\/podologue-pichard-helie.com\/index.php?rest_route=\/wp\/v2\/pages\/26\/revisions\/184"}],"wp:attachment":[{"href":"http:\/\/podologue-pichard-helie.com\/index.php?rest_route=%2Fwp%2Fv2%2Fmedia&parent=26"}],"curies":[{"name":"wp","href":"https:\/\/api.w.org\/{rel}","templated":true}]}}